p - c + 384 = 0. Calculate the highest common factor of p and 60.
12
Suppose 2*w - 5*w = 0. Suppose w*x + 144 = 4*x. Let o(l) = -7*l + 82. Let b be o(10). What is the highest common divisor of b and x?
12
Let p(v) be the third derivative of v**4/24 + 17*v**3/6 - 4*v**2. Let a be p(-13). Let y = 5 + -1. What is the highest common divisor of y and a?
4
Let t(j) = -49*j + 4 + 35*j + 36*j. Let r be t(3). Let v = -38 + r. Calculate the highest common divisor of v and 48.
16
Suppose -3*q - 3*z + 345 = 0, -4*q - 6*z + 455 = -3*z. Suppose 12 = p + 1. Calculate the greatest common divisor of q and p.
11
Let v be (0 + 2 - 3) + -313. Let z be (-4)/20 + v/5. Let a be (-1)/(-2) + z/(-14). Calculate the highest common divisor of a and 1.
1
Let b(a) = -13*a + 76. Let y be b(0). What is the highest common divisor of 95 and y?
19
Suppose 5*j - 9*l = -8*l + 2260, -j = 3*l - 436. What is the highest common divisor of 11 and j?
11
Let z(u) = 5*u - 63. Let k be z(19). What is the highest common factor of k and 784?
16
Let w be 120*((-20)/(-16))/((-3)/(-4)). Calculate the greatest common factor of 8 and w.
8
Let r = 331 - 318. Calculate the highest common factor of r and 117.
13
Let a(x) = -3367*x**3 - 5*x**2 - 3*x - 5. Let j be a(-1). What is the highest common factor of j and 120?
120
Let s(w) = -w**3 + 23*w**2 - 5*w - 62. Let g be s(22). What is the greatest common factor of 48 and g?
24
Suppose c + 4*c - 30 = 5*k, 16 = c + k. What is the highest common divisor of c and 8?
1
Let g(p) = -12*p - 240. Let j be g(-21). Calculate the highest common divisor of j and 192.
12
Let i = -26 - -21. Let a(x) = -x + 17. Let u be a(i). Let h(r) = -3*r + 4. Let n be h(-6). Calculate the highest common factor of u and n.
22
Let k be (1 - 0)*(-32)/(-4). Let z be ((-3)/6)/1*-6. Suppose 3*c - 2*o - 162 = 0, z*c - 227 = -c - o. Calculate the highest common factor of k and c.
8
Let w be (-1 - -16)*2/6. Suppose w*x = -a - 2*a + 98, 4*a + x = 125. What is the highest common factor of 31 and a?
31
Suppose 70 - 6 = 3*y + 2*r, -2*y + 5*r + 30 = 0. Calculate the highest common factor of 8 and y.
4
Let b(k) = -k**3 + 33*k**2 - 60*k + 15. Let m be b(31). Calculate the greatest common factor of m and 33.
11
Suppose -5*a + 3*a = -h - 52, -h - 124 = -5*a. Let y(o) = o + 54. Let u be y(-20). Let t = u - a. What is the highest common divisor of t and 110?
10
Suppose 5*l = 3*r - 6*r + 174, 0 = l - r - 30. Let t be l/2 + 2/(-4). Calculate the highest common divisor of t and 40.
8
Let m = 373 - 363. Calculate the greatest common divisor of 590 and m.
10
Suppose -2*g = -4*d + 92, -4*d - 128 = -0*g + 3*g. Let y = g + 47. Calculate the highest common factor of 3 and y.
3
Let k(q) = 2*q**2 + 13*q - 1. Let f be k(-8). Suppose -i = -4*r + 2*i + 169, 97 = 2*r + i. What is the greatest common divisor of f and r?
23
Suppose -2*w + 555 = -0*p - 5*p, 0 = -w + 5*p + 275. Calculate the highest common divisor of w and 35.
35
Let s(u) = 2*u**2 - 14*u - 8. Let h be s(7). Let m = h - -38. Suppose -3*k + 55 = -170. What is the highest common divisor of m and k?
15
Let o = 301 + -277. What is the highest common factor of o and 276?
12
Let h(j) = -j**2 + 2*j + 20. Let y be h(4). What is the greatest common factor of 174 and y?
6
Suppose 16*q - 51*q + 12495 = 0. Calculate the greatest common divisor of q and 17.
17
Let m(y) = -13*y - 11. Let v be m(-5). Suppose 0*h + 3*r = 3*h - v, 5*r = -2*h + 50. Suppose 0 = -4*w + 28 + h. What is the highest common factor of w and 12?
12
Let j = 31 - 22. Let d = 118 - 91. Let h = d - j. Calculate the highest common factor of h and 12.
6
Suppose 0 = -3*a + 77 + 34. Calculate the greatest common divisor of 259 and a.
37
Let q be ((-70)/42)/(1/(-3)). Suppose -20 = -q*k, 3*z + 3*k = z + 30. What is the highest common factor of 63 and z?
9
Suppose -815*r - 48 = -827*r. Calculate the greatest common factor of 76 and r.
4
Let b = -28 - -24. Let r(g) = 2*g + 36. Let c be r(b). Calculate the greatest common factor of 8 and c.
4
Let r = -6 + 6. Suppose -5*s = -r*s - 15. Let f be 1/(s/3)*7. Calculate the highest common divisor of f and 35.
7
Suppose 56 = -5*v + 231. Let p be 3*(-11)/33*(-15)/3. Calculate the highest common divisor of p and v.
5
Suppose o + g + g - 7 = 0, 2*g = -2. Calculate the greatest common divisor of 9 and o.
9
Let r(n) = -n**3 - 9*n**2 + n - 7. Let b(h) = -h**3 - 9*h**2 - 7. Let f(c) = -5*b(c) + 4*r(c). Let k be f(-8). Calculate the highest common divisor of 39 and k.
39
Suppose -3*u + 65 = -340. Let r(s) = s**3 + 3*s**2 + 4. Let f be r(-3). Suppose f*a - u = a. Calculate the highest common factor of 18 and a.
9
Suppose 3952*w - 48 = 3950*w. Calculate the greatest common factor of 1584 and w.
24
Let v be (1 - 1) + -6*(5 + -6). Suppose -30 = -v*c - 0*c. Calculate the greatest common divisor of c and 10.
5
Let r = -475 + 875. Calculate the greatest common divisor of 24 and r.
8
Let k be ((-3)/6)/((-12)/1008). What is the highest common factor of 63 and k?
21
Let c(i) = 50*i**2 + i + 1. Let n be (8/(-12))/((-4)/6). Let q be c(n). Let r = -42 + 55. What is the greatest common divisor of q and r?
13
Suppose -5*v + 0*v - 4*l + 111 = 0, -49 = -3*v + 2*l. Let n = -12 - -31. Calculate the greatest common factor of v and n.
19
Suppose -1 = -y + 11. Let q be -2*(-2)/(y/9). Suppose q*n = 3*z + 267, 4*z = -5*n + 172 + 228. What is the greatest common factor of 21 and n?
21
Let k = -9 + 13. Suppose 2*d = k*d - 12. Let v = d - -5. What is the highest common factor of 121 and v?
11
Suppose 595*t = 590*t + 5865. Calculate the highest common factor of 51 and t.
51
Suppose 3*i = -2*b + 257, -3*i + 4*b = -79 - 172. Calculate the greatest common factor of i and 34.
17
Let w = 163 - 162. Let m be w/(1*((-2)/(-62) + 0)). What is the highest common divisor of m and 93?
31
Suppose -150 = 2*p - 8*p. Let x = 69 - p. Suppose 2*o = -4*m + x, 0*m + 4*m - 2*o - 28 = 0. Calculate the greatest common factor of 18 and m.
9
Let l(z) = -z**3 + 9*z**2 - 7*z + 12. Let i be l(8). Suppose 7 = g - 1. What is the highest common factor of g and i?
4
Suppose -153*m = -160*m + 476. Calculate the greatest common factor of m and 8.
4
Let i be (5/(-3))/(-1 + 295/300). Suppose 22*z - i = 12*z. Calculate the highest common divisor of 230 and z.
10
Let k(r) = 5*r**2 + 12*r + 7. Let f(h) = -h**3 - 23*h**2 + 48*h - 58. Let l be f(-25). Let x be k(l). What is the highest common factor of x and 21?
21
Let q be (33/(-33))/((-1)/5). Suppose 0 = 3*d - 2 - 1. What is the highest common factor of d and q?
1
Suppose -2*x + 123 = 3*w - 68, 3*w = 4*x + 221. Calculate the highest common divisor of 67 and w.
67
Let a(q) = -30*q**2 + 31*q**2 + 7 + 13 + 10 - q. Let g be a(0). Suppose -g - 6 = -2*x. Calculate the greatest common divisor of x and 180.
18
Let u(s) = 80*s - 198. Let d be u(4). What is the greatest common factor of d and 427?
61
Let i(t) = -t**3 - 9*t**2 + 17*t + 96. Let z be i(-10). What is the highest common divisor of z and 117?
13
Suppose 0 = -k - 1, 369 = -5*j + 5*k + 69. Let z be (2 - (j - 4 - 3)) + 0. Calculate the greatest common divisor of 35 and z.
35
Let f be 16/7*(-1022)/(-292). What is the greatest common divisor of 500 and f?
4
Suppose 2*c - 6*o - 30 = -4*o, 0 = -5*o + 20. Suppose 0 = w - 5*w + 3*j + 72, -j = -w + c. Calculate the greatest common factor of w and 75.
15
Suppose -33097 - 21659 = -27*j. Calculate the greatest common divisor of j and 24.
12
Let j = 236 + -346. Let v = 190 + j. What is the greatest common divisor of v and 20?
20
Suppose 0 = c + 3 - 5. Suppose -5*o = -c*q + 109, -q + 9 + 13 = 4*o. Suppose q = k + k. What is the greatest common divisor of 105 and k?
21
Let t be (49 - (-21 - -66))*-15*2/(-8). Suppose -2*u = -u - 75. What is the greatest common factor of t and u?
15
Let o be 2/((-6)/15) + 1. Let i be 35/30 - (-3)/(-18). Let c = i - o. What is the greatest common divisor of c and 1?
1
Let z(c) = -9*c + 23. Let d be z(-10). Suppose -4*g - 3*v + d + 40 = 0, -2*g = -5*v - 57. Calculate the greatest common factor of g and 12.
12
Suppose 0 = -25*p - 276 + 1326. What is the greatest common divisor of 854 and p?
14
Suppose -2*h + 290 = 5*k, 13*k - 9*k + 5*h = 232. Let a be 58*4*4/32. Calculate the highest common factor of k and a.
29
Let h(t) = -t**2 - 11*t + 17. Let f be h(-10). What is the